{"id":226,"date":"2024-04-04T21:30:32","date_gmt":"2024-04-04T19:30:32","guid":{"rendered":"https:\/\/www.kosmetika-sense.cz\/?page_id=226"},"modified":"2024-04-04T22:33:43","modified_gmt":"2024-04-04T20:33:43","slug":"pevna-mydla-sense","status":"publish","type":"page","link":"https:\/\/www.kosmetika-sense.cz\/index.php\/pevna-mydla-sense\/","title":{"rendered":"Pevn\u00e1 m\u00fddla Sense"},"content":{"rendered":"\n<div class=\"wp-block-columns alignwide has-normal-font-size is-layout-flex wp-container-core-columns-is-layout-b5b51ab5 wp-block-columns-is-layout-flex\" style=\"margin-top:0;margin-bottom:0;padding-right:0;padding-left:0\">\n<div class=\"wp-block-column is-vertically-aligned-top is-layout-constrained wp-block-column-is-layout-constrained\">\n<h2 class=\"wp-block-heading has-custom-green-color has-text-color has-link-color has-medium-font-size wp-elements-1bfbd0bdb81b240c0a22946fa3a901e2\">Sense pevn\u00e9 m\u00fddlo se zelen\u00fdm \u010dajem<\/h2>\n\n\n\n<p class=\"has-small-font-size\">SENSE hydrata\u010dn\u00ed tuh\u00e9 m\u00fddlo 100g s \u00a0extraktem ze zelen\u00e9ho \u010daje poskytuje poko\u017ece ochranu a hydrataci<\/p>\n\n\n\n<figure class=\"wp-block-image size-full\"><img loading=\"lazy\" decoding=\"async\" width=\"269\" height=\"224\" src=\"https:\/\/www.kosmetika-sense.cz\/wp-content\/uploads\/2024\/04\/mydlo1.png\" alt=\"\" class=\"wp-image-276\"\/><\/figure>\n<\/div>\n\n\n\n<div class=\"wp-block-column is-vertically-aligned-top is-layout-constrained wp-block-column-is-layout-constrained\">\n<h2 class=\"wp-block-heading has-vivid-red-color has-text-color has-link-color has-medium-font-size wp-elements-fad4f311a0788d5fd07576d28415c5a9\">SENSE Protector tuh\u00e9 m\u00fddlo v\u00a0krabi\u010dce<\/h2>\n\n\n\n<p class=\"has-small-font-size\">\u010cist\u00ed poko\u017eku, \u00fasp\u011b\u0161n\u011b odstra\u0148uje ne\u010distoty a \u010d\u00e1stice mastnoty a poskytuje 99,9% optim\u00e1ln\u00ed ochranu<\/p>\n\n\n\n<figure class=\"wp-block-image size-full\"><img loading=\"lazy\" decoding=\"async\" width=\"350\" height=\"350\" src=\"https:\/\/www.kosmetika-sense.cz\/wp-content\/uploads\/2024\/04\/mydlo2-1.png\" alt=\"\" class=\"wp-image-281\" srcset=\"https:\/\/www.kosmetika-sense.cz\/wp-content\/uploads\/2024\/04\/mydlo2-1.png 350w, https:\/\/www.kosmetika-sense.cz\/wp-content\/uploads\/2024\/04\/mydlo2-1-300x300.png 300w, https:\/\/www.kosmetika-sense.cz\/wp-content\/uploads\/2024\/04\/mydlo2-1-150x150.png 150w\" sizes=\"auto, (max-width: 350px) 100vw, 350px\" \/><\/figure>\n<\/div>\n\n\n\n<div class=\"wp-block-column is-vertically-aligned-top is-layout-constrained wp-block-column-is-layout-constrained\">\n<figure class=\"wp-block-image aligncenter size-full is-resized hvr-grow\"><img loading=\"lazy\" decoding=\"async\" width=\"353\" height=\"413\" src=\"https:\/\/www.kosmetika-sense.cz\/wp-content\/uploads\/2024\/04\/ucinnost.png\" alt=\"\" class=\"wp-image-259\" style=\"width:150px\" srcset=\"https:\/\/www.kosmetika-sense.cz\/wp-content\/uploads\/2024\/04\/ucinnost.png 353w, https:\/\/www.kosmetika-sense.cz\/wp-content\/uploads\/2024\/04\/ucinnost-256x300.png 256w\" sizes=\"auto, (max-width: 353px) 100vw, 353px\" \/><\/figure>\n\n\n\n<figure class=\"wp-block-image aligncenter size-full is-resized hvr-grow\"><img loading=\"lazy\" decoding=\"async\" width=\"353\" height=\"413\" src=\"https:\/\/www.kosmetika-sense.cz\/wp-content\/uploads\/2024\/04\/pena.png\" alt=\"\" class=\"wp-image-260\" style=\"width:150px\" srcset=\"https:\/\/www.kosmetika-sense.cz\/wp-content\/uploads\/2024\/04\/pena.png 353w, https:\/\/www.kosmetika-sense.cz\/wp-content\/uploads\/2024\/04\/pena-256x300.png 256w\" sizes=\"auto, (max-width: 353px) 100vw, 353px\" \/><\/figure>\n<\/div>\n<\/div>\n","protected":false},"excerpt":{"rendered":"<p>Sense pevn\u00e9 m\u00fddlo se zelen\u00fdm \u010dajem SENSE hydrata\u010dn\u00ed tuh\u00e9 m\u00fddlo 100g s \u00a0extraktem ze zelen\u00e9ho \u010daje poskytuje poko\u017ece ochranu a hydrataci SENSE Protector tuh\u00e9 m\u00fddlo v\u00a0krabi\u010dce \u010cist\u00ed poko\u017eku, \u00fasp\u011b\u0161n\u011b odstra\u0148uje ne\u010distoty a \u010d\u00e1stice mastnoty a poskytuje 99,9% optim\u00e1ln\u00ed ochranu<\/p>\n","protected":false},"author":1,"featured_media":0,"parent":0,"menu_order":0,"comment_status":"closed","ping_status":"closed","template":"","meta":{"footnotes":""},"class_list":["post-226","page","type-page","status-publish","hentry"],"_links":{"self":[{"href":"https:\/\/www.kosmetika-sense.cz\/index.php\/wp-json\/wp\/v2\/pages\/226","targetHints":{"allow":["GET"]}}],"collection":[{"href":"https:\/\/www.kosmetika-sense.cz\/index.php\/wp-json\/wp\/v2\/pages"}],"about":[{"href":"https:\/\/www.kosmetika-sense.cz\/index.php\/wp-json\/wp\/v2\/types\/page"}],"author":[{"embeddable":true,"href":"https:\/\/www.kosmetika-sense.cz\/index.php\/wp-json\/wp\/v2\/users\/1"}],"replies":[{"embeddable":true,"href":"https:\/\/www.kosmetika-sense.cz\/index.php\/wp-json\/wp\/v2\/comments?post=226"}],"version-history":[{"count":38,"href":"https:\/\/www.kosmetika-sense.cz\/index.php\/wp-json\/wp\/v2\/pages\/226\/revisions"}],"predecessor-version":[{"id":297,"href":"https:\/\/www.kosmetika-sense.cz\/index.php\/wp-json\/wp\/v2\/pages\/226\/revisions\/297"}],"wp:attachment":[{"href":"https:\/\/www.kosmetika-sense.cz\/index.php\/wp-json\/wp\/v2\/media?parent=226"}],"curies":[{"name":"wp","href":"https:\/\/api.w.org\/{rel}","templated":true}]}}

Pevná mýdla Sense

<div class="wp-block-columns alignwide has-normal-font-size is-layout-flex wp-container-core-columns-is-layout-b5b51ab5 wp-block-columns-is-layout-flex" style="margin-top:0;margin-bottom:0;padding-right:0;padding-left:0">
<div class="wp-block-column is-vertically-aligned-top is-layout-constrained wp-block-column-is-layout-constrained">
<h2 class="wp-block-heading has-custom-green-color has-text-color has-link-color has-medium-font-size wp-elements-1bfbd0bdb81b240c0a22946fa3a901e2">Sense pevné mýdlo se zeleným čajem</h2>



<p class="has-small-font-size">SENSE hydratační tuhé mýdlo 100g s  extraktem ze zeleného čaje poskytuje pokožce ochranu a hydrataci</p>



<figure class="wp-block-image size-full"><img loading="lazy" decoding="async" width="269" height="224" src="https://www.kosmetika-sense.cz/wp-content/uploads/2024/04/mydlo1.png" alt="" class="wp-image-276"/></figure>
</div>



<div class="wp-block-column is-vertically-aligned-top is-layout-constrained wp-block-column-is-layout-constrained">
<h2 class="wp-block-heading has-vivid-red-color has-text-color has-link-color has-medium-font-size wp-elements-fad4f311a0788d5fd07576d28415c5a9">SENSE Protector tuhé mýdlo v krabičce</h2>



<p class="has-small-font-size">Čistí pokožku, úspěšně odstraňuje nečistoty a částice mastnoty a poskytuje 99,9% optimální ochranu</p>



<figure class="wp-block-image size-full"><img loading="lazy" decoding="async" width="350" height="350" src="https://www.kosmetika-sense.cz/wp-content/uploads/2024/04/mydlo2-1.png" alt="" class="wp-image-281" srcset="https://www.kosmetika-sense.cz/wp-content/uploads/2024/04/mydlo2-1.png 350w, https://www.kosmetika-sense.cz/wp-content/uploads/2024/04/mydlo2-1-300x300.png 300w, https://www.kosmetika-sense.cz/wp-content/uploads/2024/04/mydlo2-1-150x150.png 150w" sizes="auto, (max-width: 350px) 100vw, 350px" /></figure>
</div>



<div class="wp-block-column is-vertically-aligned-top is-layout-constrained wp-block-column-is-layout-constrained">
<figure class="wp-block-image aligncenter size-full is-resized hvr-grow"><img loading="lazy" decoding="async" width="353" height="413" src="https://www.kosmetika-sense.cz/wp-content/uploads/2024/04/ucinnost.png" alt="" class="wp-image-259" style="width:150px" srcset="https://www.kosmetika-sense.cz/wp-content/uploads/2024/04/ucinnost.png 353w, https://www.kosmetika-sense.cz/wp-content/uploads/2024/04/ucinnost-256x300.png 256w" sizes="auto, (max-width: 353px) 100vw, 353px" /></figure>



<figure class="wp-block-image aligncenter size-full is-resized hvr-grow"><img loading="lazy" decoding="async" width="353" height="413" src="https://www.kosmetika-sense.cz/wp-content/uploads/2024/04/pena.png" alt="" class="wp-image-260" style="width:150px" srcset="https://www.kosmetika-sense.cz/wp-content/uploads/2024/04/pena.png 353w, https://www.kosmetika-sense.cz/wp-content/uploads/2024/04/pena-256x300.png 256w" sizes="auto, (max-width: 353px) 100vw, 353px" /></figure>
</div>
</div>

<p>Sense pevné mýdlo se zeleným čajem SENSE hydratační tuhé mýdlo 100g s  extraktem ze zeleného čaje poskytuje pokožce ochranu a hydrataci SENSE Protector tuhé mýdlo v krabičce Čistí pokožku, úspěšně odstraňuje nečistoty a částice mastnoty a poskytuje 99,9% optimální ochranu</p>
