{"id":227,"date":"2024-04-04T21:30:32","date_gmt":"2024-04-04T19:30:32","guid":{"rendered":"https:\/\/www.kosmetika-sense.cz\/?page_id=227"},"modified":"2024-04-04T22:38:48","modified_gmt":"2024-04-04T20:38:48","slug":"krem-na-ruce-sense","status":"publish","type":"page","link":"https:\/\/www.kosmetika-sense.cz\/index.php\/krem-na-ruce-sense\/","title":{"rendered":"Kr\u00e9m na ruce Sense"},"content":{"rendered":"\n<div class=\"wp-block-columns is-layout-flex wp-container-core-columns-is-layout-28f84493 wp-block-columns-is-layout-flex\">\n<div class=\"wp-block-column is-layout-flow wp-block-column-is-layout-flow\">\n<h2 class=\"wp-block-heading has-custom-green-color has-text-color has-link-color has-medium-font-size wp-elements-803f2d40a39d811510979f9f018883ac\">Regenera\u010dn\u00ed, obnovuj\u00edc\u00ed kr\u00e9m na ruce s extraktem z \u010dern\u00e9 quinoi<\/h2>\n\n\n\n<p class=\"has-small-font-size\">Sense obnovuj\u00edc\u00ed kr\u00e9m na ruce \u00fa\u010dinn\u011b hydratuje a z\u00e1rove\u0148 pom\u00e1h\u00e1 obnovit ochrannou bari\u00e9ru poko\u017eky.<\/p>\n\n\n\n<p class=\"has-small-font-size\">Kr\u00e9m se rychle vst\u0159eb\u00e1v\u00e1 do poko\u017eky a je obohacen o extrakt z \u010dern\u00e9 quinoi. Ruce vypadaj\u00ed zdrav\u011b a jsou sametov\u011b hebk\u00e9.<\/p>\n<\/div>\n\n\n\n<div class=\"wp-block-column is-layout-flow wp-block-column-is-layout-flow\">\n<figure class=\"wp-block-image alignright size-full\"><img loading=\"lazy\" decoding=\"async\" width=\"291\" height=\"331\" src=\"https:\/\/www.kosmetika-sense.cz\/wp-content\/uploads\/2024\/04\/krem.png\" alt=\"\" class=\"wp-image-300\" srcset=\"https:\/\/www.kosmetika-sense.cz\/wp-content\/uploads\/2024\/04\/krem.png 291w, https:\/\/www.kosmetika-sense.cz\/wp-content\/uploads\/2024\/04\/krem-264x300.png 264w\" sizes=\"auto, (max-width: 291px) 100vw, 291px\" \/><\/figure>\n<\/div>\n<\/div>\n","protected":false},"excerpt":{"rendered":"<p>Regenera\u010dn\u00ed, obnovuj\u00edc\u00ed kr\u00e9m na ruce s extraktem z \u010dern\u00e9 quinoi Sense obnovuj\u00edc\u00ed kr\u00e9m na ruce \u00fa\u010dinn\u011b hydratuje a z\u00e1rove\u0148 pom\u00e1h\u00e1 obnovit ochrannou bari\u00e9ru poko\u017eky. Kr\u00e9m se rychle vst\u0159eb\u00e1v\u00e1 do poko\u017eky a je obohacen o extrakt z \u010dern\u00e9 quinoi. Ruce vypadaj\u00ed zdrav\u011b a jsou sametov\u011b hebk\u00e9.<\/p>\n","protected":false},"author":1,"featured_media":0,"parent":0,"menu_order":0,"comment_status":"closed","ping_status":"closed","template":"","meta":{"footnotes":""},"class_list":["post-227","page","type-page","status-publish","hentry"],"_links":{"self":[{"href":"https:\/\/www.kosmetika-sense.cz\/index.php\/wp-json\/wp\/v2\/pages\/227","targetHints":{"allow":["GET"]}}],"collection":[{"href":"https:\/\/www.kosmetika-sense.cz\/index.php\/wp-json\/wp\/v2\/pages"}],"about":[{"href":"https:\/\/www.kosmetika-sense.cz\/index.php\/wp-json\/wp\/v2\/types\/page"}],"author":[{"embeddable":true,"href":"https:\/\/www.kosmetika-sense.cz\/index.php\/wp-json\/wp\/v2\/users\/1"}],"replies":[{"embeddable":true,"href":"https:\/\/www.kosmetika-sense.cz\/index.php\/wp-json\/wp\/v2\/comments?post=227"}],"version-history":[{"count":4,"href":"https:\/\/www.kosmetika-sense.cz\/index.php\/wp-json\/wp\/v2\/pages\/227\/revisions"}],"predecessor-version":[{"id":302,"href":"https:\/\/www.kosmetika-sense.cz\/index.php\/wp-json\/wp\/v2\/pages\/227\/revisions\/302"}],"wp:attachment":[{"href":"https:\/\/www.kosmetika-sense.cz\/index.php\/wp-json\/wp\/v2\/media?parent=227"}],"curies":[{"name":"wp","href":"https:\/\/api.w.org\/{rel}","templated":true}]}}

Krém na ruce Sense

<div class="wp-block-columns is-layout-flex wp-container-core-columns-is-layout-28f84493 wp-block-columns-is-layout-flex">
<div class="wp-block-column is-layout-flow wp-block-column-is-layout-flow">
<h2 class="wp-block-heading has-custom-green-color has-text-color has-link-color has-medium-font-size wp-elements-803f2d40a39d811510979f9f018883ac">Regenerační, obnovující krém na ruce s extraktem z černé quinoi</h2>



<p class="has-small-font-size">Sense obnovující krém na ruce účinně hydratuje a zároveň pomáhá obnovit ochrannou bariéru pokožky.</p>



<p class="has-small-font-size">Krém se rychle vstřebává do pokožky a je obohacen o extrakt z černé quinoi. Ruce vypadají zdravě a jsou sametově hebké.</p>
</div>



<div class="wp-block-column is-layout-flow wp-block-column-is-layout-flow">
<figure class="wp-block-image alignright size-full"><img loading="lazy" decoding="async" width="291" height="331" src="https://www.kosmetika-sense.cz/wp-content/uploads/2024/04/krem.png" alt="" class="wp-image-300" srcset="https://www.kosmetika-sense.cz/wp-content/uploads/2024/04/krem.png 291w, https://www.kosmetika-sense.cz/wp-content/uploads/2024/04/krem-264x300.png 264w" sizes="auto, (max-width: 291px) 100vw, 291px" /></figure>
</div>
</div>

<p>Regenerační, obnovující krém na ruce s extraktem z černé quinoi Sense obnovující krém na ruce účinně hydratuje a zároveň pomáhá obnovit ochrannou bariéru pokožky. Krém se rychle vstřebává do pokožky a je obohacen o extrakt z černé quinoi. Ruce vypadají zdravě a jsou sametově hebké.</p>
