{"id":228,"date":"2024-04-04T21:30:32","date_gmt":"2024-04-04T19:30:32","guid":{"rendered":"https:\/\/www.kosmetika-sense.cz\/?page_id=228"},"modified":"2024-04-04T22:59:04","modified_gmt":"2024-04-04T20:59:04","slug":"tampony","status":"publish","type":"page","link":"https:\/\/www.kosmetika-sense.cz\/index.php\/tampony\/","title":{"rendered":"Tampony"},"content":{"rendered":"\n<h2 class=\"wp-block-heading has-custom-green-color has-text-color has-link-color has-medium-font-size wp-elements-7a77f705bbb448e8c573705b64d92af4\">Odli\u010dovac\u00ed tampony impregnovan\u00e9 micel\u00e1rn\u00ed vodou<\/h2>\n\n\n\n<div style=\"height:26px\" aria-hidden=\"true\" class=\"wp-block-spacer\"><\/div>\n\n\n\n<div class=\"wp-block-columns is-layout-flex wp-container-core-columns-is-layout-28f84493 wp-block-columns-is-layout-flex\">\n<div class=\"wp-block-column is-layout-flow wp-block-column-is-layout-flow\">\n<p><strong>100% P\u0158\u00cdRODN\u00cd<br>BEZ KONZERVA\u010cN\u00cdCH L\u00c1TEK<\/strong><\/p>\n\n\n\n<p class=\"has-small-font-size\">Obohaceno o aloe vera, mrkev a vitam\u00edn E.<br>Po pou\u017eit\u00ed je poko\u017eka jemn\u00e1, \u010dist\u00e1 a vo\u0148av\u00e1.<\/p>\n\n\n\n<h3 class=\"wp-block-heading has-normal-font-size\"><strong>IDE\u00c1LN\u00cd PRO V\u0160ECHNY TYPY PLETI<\/strong><\/h3>\n\n\n\n<p class=\"has-small-font-size\">ALOE VERA vy\u017eivuje a hydratuje poko\u017eku.<br>MRKEV je vhodn\u00e1 pro op\u00e1lenou poko\u017eku.<br>VITAMIN E m\u00e1 pozoruhodn\u00e9 antioxida\u010dn\u00ed vlastnosti.<\/p>\n\n\n\n<div style=\"height:31px\" aria-hidden=\"true\" class=\"wp-block-spacer\"><\/div>\n\n\n\n<p class=\"has-text-align-center has-custom-green-color has-text-color has-link-color wp-elements-64b6e2cfec6be7857050cafb03aa69a6\">P\u0158IDEJTE P\u00c1R KAPEK VODY<br>A ODSTRA\u0147TE MAKEUP!<\/p>\n<\/div>\n\n\n\n<div class=\"wp-block-column is-layout-flow wp-block-column-is-layout-flow\">\n<figure class=\"wp-block-image size-large is-resized\"><img loading=\"lazy\" decoding=\"async\" width=\"1024\" height=\"1007\" src=\"https:\/\/www.kosmetika-sense.cz\/wp-content\/uploads\/2024\/04\/tampony-3-1024x1007.png\" alt=\"\" class=\"wp-image-323\" style=\"width:450px;height:auto\" srcset=\"https:\/\/www.kosmetika-sense.cz\/wp-content\/uploads\/2024\/04\/tampony-3-1024x1007.png 1024w, https:\/\/www.kosmetika-sense.cz\/wp-content\/uploads\/2024\/04\/tampony-3-300x295.png 300w, https:\/\/www.kosmetika-sense.cz\/wp-content\/uploads\/2024\/04\/tampony-3-768x756.png 768w, https:\/\/www.kosmetika-sense.cz\/wp-content\/uploads\/2024\/04\/tampony-3.png 1177w\" sizes=\"auto, (max-width: 1024px) 100vw, 1024px\" \/><\/figure>\n<\/div>\n<\/div>\n","protected":false},"excerpt":{"rendered":"<p>Odli\u010dovac\u00ed tampony impregnovan\u00e9 micel\u00e1rn\u00ed vodou 100% P\u0158\u00cdRODN\u00cdBEZ KONZERVA\u010cN\u00cdCH L\u00c1TEK Obohaceno o aloe vera, mrkev a vitam\u00edn E.Po pou\u017eit\u00ed je poko\u017eka jemn\u00e1, \u010dist\u00e1 a vo\u0148av\u00e1. IDE\u00c1LN\u00cd PRO V\u0160ECHNY TYPY PLETI ALOE VERA vy\u017eivuje a hydratuje poko\u017eku.MRKEV je vhodn\u00e1 pro op\u00e1lenou poko\u017eku.VITAMIN E m\u00e1 pozoruhodn\u00e9 antioxida\u010dn\u00ed vlastnosti. P\u0158IDEJTE P\u00c1R KAPEK VODYA ODSTRA\u0147TE MAKEUP!<\/p>\n","protected":false},"author":1,"featured_media":0,"parent":0,"menu_order":0,"comment_status":"closed","ping_status":"closed","template":"","meta":{"footnotes":""},"class_list":["post-228","page","type-page","status-publish","hentry"],"_links":{"self":[{"href":"https:\/\/www.kosmetika-sense.cz\/index.php\/wp-json\/wp\/v2\/pages\/228","targetHints":{"allow":["GET"]}}],"collection":[{"href":"https:\/\/www.kosmetika-sense.cz\/index.php\/wp-json\/wp\/v2\/pages"}],"about":[{"href":"https:\/\/www.kosmetika-sense.cz\/index.php\/wp-json\/wp\/v2\/types\/page"}],"author":[{"embeddable":true,"href":"https:\/\/www.kosmetika-sense.cz\/index.php\/wp-json\/wp\/v2\/users\/1"}],"replies":[{"embeddable":true,"href":"https:\/\/www.kosmetika-sense.cz\/index.php\/wp-json\/wp\/v2\/comments?post=228"}],"version-history":[{"count":28,"href":"https:\/\/www.kosmetika-sense.cz\/index.php\/wp-json\/wp\/v2\/pages\/228\/revisions"}],"predecessor-version":[{"id":333,"href":"https:\/\/www.kosmetika-sense.cz\/index.php\/wp-json\/wp\/v2\/pages\/228\/revisions\/333"}],"wp:attachment":[{"href":"https:\/\/www.kosmetika-sense.cz\/index.php\/wp-json\/wp\/v2\/media?parent=228"}],"curies":[{"name":"wp","href":"https:\/\/api.w.org\/{rel}","templated":true}]}}

<h2 class="wp-block-heading has-custom-green-color has-text-color has-link-color has-medium-font-size wp-elements-7a77f705bbb448e8c573705b64d92af4">Odličovací tampony impregnované micelární vodou</h2>



<div style="height:26px" aria-hidden="true" class="wp-block-spacer"></div>



<div class="wp-block-columns is-layout-flex wp-container-core-columns-is-layout-28f84493 wp-block-columns-is-layout-flex">
<div class="wp-block-column is-layout-flow wp-block-column-is-layout-flow">
<p><strong>100% PŘÍRODNÍ<br>BEZ KONZERVAČNÍCH LÁTEK</strong></p>



<p class="has-small-font-size">Obohaceno o aloe vera, mrkev a vitamín E.<br>Po použití je pokožka jemná, čistá a voňavá.</p>



<h3 class="wp-block-heading has-normal-font-size"><strong>IDEÁLNÍ PRO VŠECHNY TYPY PLETI</strong></h3>



<p class="has-small-font-size">ALOE VERA vyživuje a hydratuje pokožku.<br>MRKEV je vhodná pro opálenou pokožku.<br>VITAMIN E má pozoruhodné antioxidační vlastnosti.</p>



<div style="height:31px" aria-hidden="true" class="wp-block-spacer"></div>



<p class="has-text-align-center has-custom-green-color has-text-color has-link-color wp-elements-64b6e2cfec6be7857050cafb03aa69a6">PŘIDEJTE PÁR KAPEK VODY<br>A ODSTRAŇTE MAKEUP!</p>
</div>



<div class="wp-block-column is-layout-flow wp-block-column-is-layout-flow">
<figure class="wp-block-image size-large is-resized"><img loading="lazy" decoding="async" width="1024" height="1007" src="https://www.kosmetika-sense.cz/wp-content/uploads/2024/04/tampony-3-1024x1007.png" alt="" class="wp-image-323" style="width:450px;height:auto" srcset="https://www.kosmetika-sense.cz/wp-content/uploads/2024/04/tampony-3-1024x1007.png 1024w, https://www.kosmetika-sense.cz/wp-content/uploads/2024/04/tampony-3-300x295.png 300w, https://www.kosmetika-sense.cz/wp-content/uploads/2024/04/tampony-3-768x756.png 768w, https://www.kosmetika-sense.cz/wp-content/uploads/2024/04/tampony-3.png 1177w" sizes="auto, (max-width: 1024px) 100vw, 1024px" /></figure>
</div>
</div>

<p>Odličovací tampony impregnované micelární vodou 100% PŘÍRODNÍBEZ KONZERVAČNÍCH LÁTEK Obohaceno o aloe vera, mrkev a vitamín E.Po použití je pokožka jemná, čistá a voňavá. IDEÁLNÍ PRO VŠECHNY TYPY PLETI ALOE VERA vyživuje a hydratuje pokožku.MRKEV je vhodná pro opálenou pokožku.VITAMIN E má pozoruhodné antioxidační vlastnosti. PŘIDEJTE PÁR KAPEK VODYA ODSTRAŇTE MAKEUP!</p>
