{"id":229,"date":"2024-04-04T21:30:32","date_gmt":"2024-04-04T19:30:32","guid":{"rendered":"https:\/\/www.kosmetika-sense.cz\/?page_id=229"},"modified":"2024-04-04T23:05:45","modified_gmt":"2024-04-04T21:05:45","slug":"smoos","status":"publish","type":"page","link":"https:\/\/www.kosmetika-sense.cz\/index.php\/smoos\/","title":{"rendered":"Smoos"},"content":{"rendered":"\n<h2 class=\"wp-block-heading has-custom-green-color has-text-color has-link-color has-medium-font-size wp-elements-e6f50643027d3be7d5ad86dabf3d5d5d\">Smoos &#8211; tekut\u00e9 m\u00fddlo<\/h2>\n\n\n\n<div class=\"wp-block-columns is-layout-flex wp-container-core-columns-is-layout-28f84493 wp-block-columns-is-layout-flex\">\n<div class=\"wp-block-column is-layout-flow wp-block-column-is-layout-flow\">\n<figure class=\"wp-block-image alignright size-full is-resized\"><img loading=\"lazy\" decoding=\"async\" width=\"200\" height=\"148\" src=\"https:\/\/www.kosmetika-sense.cz\/wp-content\/uploads\/2024\/04\/image-1.png\" alt=\"\" class=\"wp-image-344\" style=\"width:185px;height:auto\"\/><\/figure>\n\n\n\n<p class=\"has-text-align-left has-small-font-size\">Jemn\u00e9 tekut\u00e9 m\u00fddlo s&nbsp;intenzivn\u00ed a p\u0159ijemnou v\u016fn\u00ed.<br>\u010cist\u00ed, hydratuje a zklid\u0148uje poko\u017eku, dod\u00e1v\u00e1 j\u00ed sv\u011b\u017eest.<\/p>\n\n\n\n<figure class=\"wp-block-image aligncenter size-full is-resized\"><img loading=\"lazy\" decoding=\"async\" width=\"656\" height=\"539\" src=\"https:\/\/www.kosmetika-sense.cz\/wp-content\/uploads\/2024\/04\/tekute.png\" alt=\"\" class=\"wp-image-335\" style=\"width:500px;height:auto\" srcset=\"https:\/\/www.kosmetika-sense.cz\/wp-content\/uploads\/2024\/04\/tekute.png 656w, https:\/\/www.kosmetika-sense.cz\/wp-content\/uploads\/2024\/04\/tekute-300x246.png 300w\" sizes=\"auto, (max-width: 656px) 100vw, 656px\" \/><\/figure>\n<\/div>\n<\/div>\n","protected":false},"excerpt":{"rendered":"<p>Smoos &#8211; tekut\u00e9 m\u00fddlo Jemn\u00e9 tekut\u00e9 m\u00fddlo s&nbsp;intenzivn\u00ed a p\u0159ijemnou v\u016fn\u00ed.\u010cist\u00ed, hydratuje a zklid\u0148uje poko\u017eku, dod\u00e1v\u00e1 j\u00ed sv\u011b\u017eest.<\/p>\n","protected":false},"author":1,"featured_media":0,"parent":0,"menu_order":0,"comment_status":"closed","ping_status":"closed","template":"","meta":{"footnotes":""},"class_list":["post-229","page","type-page","status-publish","hentry"],"_links":{"self":[{"href":"https:\/\/www.kosmetika-sense.cz\/index.php\/wp-json\/wp\/v2\/pages\/229","targetHints":{"allow":["GET"]}}],"collection":[{"href":"https:\/\/www.kosmetika-sense.cz\/index.php\/wp-json\/wp\/v2\/pages"}],"about":[{"href":"https:\/\/www.kosmetika-sense.cz\/index.php\/wp-json\/wp\/v2\/types\/page"}],"author":[{"embeddable":true,"href":"https:\/\/www.kosmetika-sense.cz\/index.php\/wp-json\/wp\/v2\/users\/1"}],"replies":[{"embeddable":true,"href":"https:\/\/www.kosmetika-sense.cz\/index.php\/wp-json\/wp\/v2\/comments?post=229"}],"version-history":[{"count":13,"href":"https:\/\/www.kosmetika-sense.cz\/index.php\/wp-json\/wp\/v2\/pages\/229\/revisions"}],"predecessor-version":[{"id":347,"href":"https:\/\/www.kosmetika-sense.cz\/index.php\/wp-json\/wp\/v2\/pages\/229\/revisions\/347"}],"wp:attachment":[{"href":"https:\/\/www.kosmetika-sense.cz\/index.php\/wp-json\/wp\/v2\/media?parent=229"}],"curies":[{"name":"wp","href":"https:\/\/api.w.org\/{rel}","templated":true}]}}

<h2 class="wp-block-heading has-custom-green-color has-text-color has-link-color has-medium-font-size wp-elements-e6f50643027d3be7d5ad86dabf3d5d5d">Smoos &#8211; tekuté mýdlo</h2>



<div class="wp-block-columns is-layout-flex wp-container-core-columns-is-layout-28f84493 wp-block-columns-is-layout-flex">
<div class="wp-block-column is-layout-flow wp-block-column-is-layout-flow">
<figure class="wp-block-image alignright size-full is-resized"><img loading="lazy" decoding="async" width="200" height="148" src="https://www.kosmetika-sense.cz/wp-content/uploads/2024/04/image-1.png" alt="" class="wp-image-344" style="width:185px;height:auto"/></figure>



<p class="has-text-align-left has-small-font-size">Jemné tekuté mýdlo s&nbsp;intenzivní a přijemnou vůní.<br>Čistí, hydratuje a zklidňuje pokožku, dodává jí svěžest.</p>



<figure class="wp-block-image aligncenter size-full is-resized"><img loading="lazy" decoding="async" width="656" height="539" src="https://www.kosmetika-sense.cz/wp-content/uploads/2024/04/tekute.png" alt="" class="wp-image-335" style="width:500px;height:auto" srcset="https://www.kosmetika-sense.cz/wp-content/uploads/2024/04/tekute.png 656w, https://www.kosmetika-sense.cz/wp-content/uploads/2024/04/tekute-300x246.png 300w" sizes="auto, (max-width: 656px) 100vw, 656px" /></figure>
</div>
</div>

<p>Smoos &#8211; tekuté mýdlo Jemné tekuté mýdlo s&nbsp;intenzivní a přijemnou vůní.Čistí, hydratuje a zklidňuje pokožku, dodává jí svěžest.</p>
